se 14) to base 8.
-744
Convert 22210102 (base 3) to base 12.
3862
Convert -2023034 (base 5) to base 14.
-bdb8
1100322 (base 6) to base 16
d51a
-195 (base 13) to base 14
-16b
Convert -30460 (base 7) to base 14.
-29d7
Convert -3143 (base 7) to base 4.
-101111
What is -739 (base 13) in base 15?
-571
What is -6666 (base 7) in base 9?
-3256
What is 10442 (base 5) in base 10?
747
What is -1530 (base 10) in base 3?
-2002200
What is 8b0 (base 12) in base 3?
1202120
What is -10111000010 (base 2) in base 8?
-2702
Convert -112221121 (base 3) to base 9.
-15847
What is 26 (base 10) in base 5?
101
What is 5b2 (base 13) in base 9?
1320
What is 202312 (base 4) in base 16?
8b6
89bb (base 13) to base 16
4b33
Convert 216 (base 8) to base 9.
167
1100120 (base 3) to base 11
818
What is -10122102212 (base 3) in base 11?
-49a09
What is 14201 (base 8) in base 14?
2401
Convert -1bca (base 15) to base 11.
-45a1
What is 24044 (base 9) in base 5?
1003303
What is 11042 (base 8) in base 15?
1597
Convert -883 (base 14) to base 13.
-9c6
8128 (base 9) to base 16
1733
44020 (base 5) to base 12
18aa
Convert b5 (base 13) to base 9.
174
What is -22427 (base 13) in base 7?
-346262
What is -2001 (base 7) in base 14?
-371
What is -2685 (base 9) in base 16?
-7e5
Convert 1177 (base 8) to base 3.
212200
What is 15443 (base 6) in base 5?
40142
What is 1ac6 (base 14) in base 13?
22b3
Convert 878 (base 12) to base 8.
2334
Convert -2024 (base 5) to base 10.
-264
1231 (base 5) to base 6
515
What is 3041 (base 7) in base 12?
742
What is -102212 (base 4) in base 11?
-992
Convert 1a05 (base 15) to base 16.
15fe
-316 (base 14) to base 9
-745
Convert 89b1 (base 16) to base 14.
cbbb
What is -92 (base 11) in base 14?
-73
-1001010010001 (base 2) to base 10
-4753
-2802 (base 10) to base 3
-10211210
1110210111 (base 3) to base 16
7153
What is -3734 (base 8) in base 7?
-5603
-2033210 (base 4) to base 7
-35534
-20211 (base 3) to base 15
-c4
What is -100001000100 (base 2) in base 12?
-1284
What is 287 (base 10) in base 15?
142
Convert -24836 (base 13) to base 12.
-32b4b
Convert -111000110010010 (base 2) to base 11.
-1a931
Convert -2de (base 15) to base 9.
-812
Convert 511 (base 9) to base 15.
1ca
Convert -a6c4 (base 14) to base 11.
-1a6a1
Convert -2202304 (base 5) to base 16.
-93c5
What is -358 (base 9) in base 6?
-1212
What is -1427 (base 12) in base 8?
-4437
4143 (base 6) to base 3
1021100
What is 3774 (base 12) in base 9?
8547
What is -201220 (base 4) in base 2?
-100001101000
-a530 (base 13) to base 14
-8486
1921 (base 11) to base 7
10060
-4201 (base 5) to base 7
-1415
What is 10040 (base 9) in base 13?
3006
Convert 300322 (base 4) to base 12.
198a
-1c0 (base 16) to base 10
-448
What is 171 (base 9) in base 5?
1040
1c8 (base 13) to base 11
283
What is 2bc4 (base 15) in base 16?
24c1
17a0 (base 16) to base 5
143143
Convert -1000010111 (base 2) to base 8.
-1027
Convert 111111110 (base 2) to base 7.
1326
Convert -b15 (base 14) to base 2.
-100001111111
367 (base 9) to base 7
613
Convert 261 (base 10) to base 12.
199
-463 (base 15) to base 10
-993
-5ff (base 16) to base 13
-911
Convert -3013120 (base 5) to base 6.
-1005450
What is 470 (base 8) in base 6?
1240
What is 437 (base 11) in base 13?
314
Convert -1816 (base 14) to base 4.
-1003230
What is 3450 (base 9) in base 13?
1218
What is 4125 (base 7) in base 12?
a00
What is 20313 (base 8) in base 4?
2003023
-11244 (base 7) to base 10
-2874
What is 11145 (base 9) in base 8?
16364
Convert -174 (base 9) to base 3.
-12111
What is 13102 (base 7) in base 16?
d99
-85402 (base 9) to base 4
-31302023
What is -2200201 (base 3) in base 12?
-1177
Convert -90 (base 14) to base 11.
-105
103 (base 7) to base 11
48
13c (base 16) to base 7
631
-1323044 (base 5) to base 8
-64031
Convert 276 (base 11) to base 9.
401
What is -101404 (base 6) in base 4?
-1333030
Convert -35440 (base 6) to base 10.
-5136
Convert -5306 (base 10) to base 8.
-12272
-20b39 (base 12) to base 2
-1010100001011101
Convert -403234 (base 5) to base 6.
-135532
Convert -2db (base 16) to base 2.
-1011011011
54d (base 16) to base 13
805
Convert 406 (base 10) to base 4.
12112
What is -1010210 (base 6) in base 4?
-23232132
What is 23 (base 11) in base 8?
31
6847 (base 14) to base 3
220211012
b33 (base 14) to base 9
3015
36023 (base 7) to base 9
13648
What is -1558 (base 16) in base 2?
-1010101011000
-3023120 (base 4) to base 15
-3ccb
Convert -4030 (base 6) to base 14.
-470
Convert -20f (base 16) to base 14.
-299
122022 (base 4) to base 3
2022000
Convert -2342 (base 8) to base 2.
-10011100010
-308 (base 11) to base 10
-371
6047 (base 9) to base 10
4417
Convert 31344 (base 7) to base 2.
1111000101101
Convert -11000100 (base 2) to base 7.
-400
What is -2012220 (base 4) in base 5?
-233431
What is 3512 (base 9) in base 6?
20015
103110 (base 4) to base 7
3414
Convert 3542 (base 7) to base 10.
1304
What is -22372 (base 8) in base 2?
-10010011111010
-2120 (base 13) to base 3
-20021222
What is -3030 (base 7) in base 6?
-4510
What is -56405 (base 8) in base 13?
-aaba
Convert -24ba (base 12) to base 9.
-5647
Convert 1152 (base 16) to base 7.
15633
123 (base 10) to base 5
443
What is -505 (base 9) in base 11?
-343
-251520 (base 7) to base 2
-1011010010001101
1021210 (base 3) to base 5
12224
8857 (base 13) to base 8
45070
-2def (base 16) to base 4
-2313233
Convert b8b (base 13) to base 8.
3666
Convert 26a (base 12) to base 8.
562
Convert -2749 (base 10) to base 2.
-101010111101
Convert -521b (base 14) to base 15.
-42c7
-2021020 (base 3) to base 11
-1273
69 (base 16) to base 13
81
-581 (base 9) to base 2
-111011110
10312 (base 7) to base 3
10111201
24e (base 16) to base 4
21032
Convert -7793 (base 13) to base 10.
-16682
What is 474 (base 14) in base 10?
886
Convert -200000 (base 3) to base 8.
-746
Convert -2a6 (base 13) to base 4.
-13122
233240 (base 5) to base 8
20572
12252 (base 13) to base 8
101120
Convert -1110110 (base 2) to base 5.
-433
What is 12c (base 14) in base 12?
178
What is 2425 (base 10) in base 3?
10022211
What is 2501 (base 6) in base 7?
1534
What is 2454 (base 6) in base 4?
21202
Convert 121200 (base 3) to base 6.
2030
Convert -3433112 (base 5) to base 9.
-103517
What is -343 (base 9) in base 11?
-237
What is 142 (base 9) in base 15?
7e
Convert 125 (base 10) to base 16.
7d
What is bb6 (base 14) in base 2?
100100001100
What is c61 (base 14) in base 15?
ac7
What is -1002 (base 5) in base 2?
-1111111
Convert 10000001111 (base 2) to base 5.
13124
What is 83a9 (base 14) in base 4?
11202201
Convert 1a25 (base 11) to base 12.
15a0
What is -10432 (base 5) in base 12?
-51a
Convert 4332 (base 5) to base 7.
1504
-79a2 (base 11) to base 8
-24426
-1101011000101 (base 2) to base 11
-5170
aa8 (base 12) to base 7
4400
Convert -211c (base 13) to base 15.
-155d
Convert 124513 (base 8) to base 9.
65404
-3633 (base 8) to base 6
-13003
Convert -243504 (base 6) to base 4.
-11101000
2337 (base 14) to base 15
1c35
-2682 (base 9) to base 12
-1202
Convert 10001200222 (base 3) to base 4.
32232002
Convert -101263 (base 9) to base 12.
-2a879
Convert -67 (base 10) to base 13.
-52
Convert -1015a (base 12) to base 8.
-50726
-2343 (base 5) to base 3
-110220
What is -130 (base 5) in base 16?
-28
Convert -bd60 (base 15) to base 13.
-15369
What is -313 (base 7) in base 9?
-184
Convert 6dd (base 14) to base 4.
111123
Convert -145512 (base 7) to base 11.
-1a360
What is -110010100101 (base 2) in base 3?
-11102220
25c (base 13) to base 4
12133
What is -15231 (base 7) in base 3?
-12210220
Convert 231c (base 16) to base 9.
13286
10122 (base 3) to base 7
200
Convert -55 (base 16) to base 2.
-1010101
What is -1210c (base 16) in base 6?
-1330324
Convert 22a (base 13) to base 2.
101110110
Convert 2 (base 5) to base 10.
2
What is 11212 (base 3) in base 4?
2003
Convert -1102112021 (base 3) to base 12.
-14307
-6442 (base 7) to base 15
-a24
Convert -7b6 (base 12) to base 8.
-2172
2555 (base 6) to base 13
3aa
-65 (base 13) to base 2
-1010011
What is 122222 (base 4) in base 14?
89c
What is a16 (base 13) in base 2?
11010101101
425151 (base 6) to base 5
2103333
Convert -2a1a (base 14) to base 11.
-5683
What is 1131121 (base 5) in base 13?
95cc
-1023230 (base 5) to base 15
-51e5
-101010111100010 (base 2) to base 15
-67ab
Convert -2230300 (base 4) to base 